 digit of 363593?
5
What is the thousands digit of 49989?
9
What is the tens digit of 5684429?
2
What is the units digit of 145090?
0
What is the hundreds digit of 1266485?
4
What is the tens digit of 69163?
6
What is the ten thousands digit of 817436?
1
What is the thousands digit of 5041040?
1
What is the tens digit of 1212634?
3
What is the hundreds digit of 100970?
9
What is the units digit of 850170?
0
What is the thousands digit of 88159?
8
What is the ten thousands digit of 497535?
9
What is the tens digit of 38283798?
9
What is the ten thousands digit of 8959798?
5
What is the tens digit of 520510?
1
What is the units digit of 240564?
4
What is the tens digit of 279486?
8
What is the hundred thousands digit of 393678?
3
What is the hundred thousands digit of 230555?
2
What is the units digit of 629327?
7
What is the units digit of 287416?
6
What is the hundreds digit of 1989191?
1
What is the units digit of 278844?
4
What is the ten thousands digit of 163848?
6
What is the hundreds digit of 1834886?
8
What is the thousands digit of 11072412?
2
What is the units digit of 3056300?
0
What is the hundreds digit of 303183?
1
What is the ten thousands digit of 123801?
2
What is the tens digit of 13197181?
8
What is the ten thousands digit of 18008576?
0
What is the ten thousands digit of 3629678?
2
What is the hundred thousands digit of 126963?
1
What is the tens digit of 17762676?
7
What is the thousands digit of 355550?
5
What is the hundred thousands digit of 10683059?
6
What is the hundred thousands digit of 955526?
9
What is the hundreds digit of 11214542?
5
What is the hundreds digit of 750216?
2
What is the ten millions digit of 14364594?
1
What is the tens digit of 3226562?
6
What is the units digit of 342957?
7
What is the units digit of 19985915?
5
What is the tens digit of 258481?
8
What is the thousands digit of 395841?
5
What is the thousands digit of 144626?
4
What is the hundreds digit of 7886519?
5
What is the ten millions digit of 16460013?
1
What is the units digit of 417152?
2
What is the ten thousands digit of 1748982?
4
What is the hundred thousands digit of 2113072?
1
What is the ten thousands digit of 1537039?
3
What is the hundred thousands digit of 31370292?
3
What is the hundreds digit of 191175?
1
What is the tens digit of 3982639?
3
What is the hundreds digit of 342066?
0
What is the thousands digit of 542873?
2
What is the hundreds digit of 69707?
7
What is the hundred thousands digit of 124294?
1
What is the tens digit of 5378158?
5
What is the ten thousands digit of 1194604?
9
What is the units digit of 11022222?
2
What is the tens digit of 569371?
7
What is the tens digit of 1642113?
1
What is the tens digit of 5411593?
9
What is the thousands digit of 219113?
9
What is the tens digit of 8254642?
4
What is the units digit of 4472943?
3
What is the ten thousands digit of 225031?
2
What is the units digit of 278284?
4
What is the hundred thousands digit of 671458?
6
What is the units digit of 2983081?
1
What is the thousands digit of 54858?
4
What is the hundreds digit of 691421?
4
What is the units digit of 1961952?
2
What is the ten thousands digit of 1058521?
5
What is the tens digit of 24849775?
7
What is the thousands digit of 1306866?
6
What is the units digit of 2583870?
0
What is the thousands digit of 2305557?
5
What is the hundred thousands digit of 654228?
6
What is the tens digit of 1123176?
7
What is the units digit of 12500728?
8
What is the units digit of 465878?
8
What is the thousands digit of 1921032?
1
What is the thousands digit of 6854739?
4
What is the hundreds digit of 814564?
5
What is the tens digit of 19149137?
3
What is the ten thousands digit of 46442?
4
What is the hundred thousands digit of 1502536?
5
What is the ten thousands digit of 403131?
0
What is the hundreds digit of 11019938?
9
What is the ten thousands digit of 430845?
3
What is the millions digit of 19407461?
9
What is the millions digit of 11979733?
1
What is the hundred thousands digit of 1934994?
9
What is the millions digit of 13613434?
3
What is the tens digit of 2736551?
5
What is the ten thousands digit of 178489?
7
What is the tens digit of 1820437?
3
What is the hundreds digit of 29645?
6
What is the thousands digit of 225814?
5
What is the hundred thousands digit of 13081643?
0
What is the thousands digit of 526947?
6
What is the units digit of 45219?
9
What is the ten millions digit of 13135028?
1
What is the hundreds digit of 164907?
9
What is the thousands digit of 205341?
5
What is the hundred thousands digit of 5703875?
7
What is the hundreds digit of 6600568?
5
What is the ten thousands digit of 7018830?
1
What is the units digit of 10103657?
7
What is the ten thousands digit of 82676?
8
What is the hundred thousands digit of 1245041?
2
What is the hundred thousands digit of 4085241?
0
What is the thousands digit of 94593?
4
What is the hundreds digit of 5808006?
0
What is the ten millions digit of 13860627?
1
What is the hundreds digit of 18035160?
1
What is the ten thousands digit of 88712?
8
What is the ten thousands digit of 14115704?
1
What is the hundreds digit of 279943?
9
What is the ten thousands digit of 56607?
5
What is the units digit of 3828254?
4
What is the units digit of 25029?
9
What is the ten thousands digit of 10126225?
2
What is the tens digit of 371314?
1
What is the ten thousands digit of 639132?
3
What is the units digit of 2340017?
7
What is the ten thousands digit of 886772?
8
What is the ten thousands digit of 455271?
5
What is the tens digit of 2110812?
1
What is the hundred thousands digit of 578783?
5
What is the tens digit of 357356?
5
What is the thousands digit of 6999857?
9
What is the hundred thousands digit of 160164?
1
What is the ten thousands digit of 59281?
5
What is the hundreds digit of 307156?
1
What is the hundred thousands digit of 1375315?
3
What is the ten thousands digit of 21663?
2
What is the tens digit of 8609270?
7
What is the hundred thousands digit of 2407544?
4
What is the hundreds digit of 413219?
2
What is the ten thousands digit of 100890?
0
What is the thousands digit of 3025693?
5
What is the ten thousands digit of 12758600?
5
What is the tens digit of 164617?
1
What is the thousands digit of 13441517?
1
What is the tens digit of 2607309?
0
What is the ten thousands digit of 25703998?
0
What is the ten thousands digit of 5567982?
6
What is the units digit of 14120780?
0
What is the thousands digit of 9351560?
1
What is the ten thousands digit of 467124?
6
What is the hundred thousands digit of 695546?
6
What is the hundreds digit of 33251344?
3
What is the ten thousands digit of 516604?
1
What is the hundreds digit of 404050?
0
What is the ten thousands digit of 1747565?
4
What is the tens digit of 1895849?
4
What is the ten thousands digit of 12385232?
8
What is the units digit of 2190524?
4
What is the hundreds digit of 2887?
8
What is the units digit of 123046?
6
What is the thousands digit of 1464178?
4
What is the hundred thousands digit of 3987235?
9
What is the ten thousands digit of 6157599?
5
What is the hundreds digit of 4866244?
2
What is the hundred thousands digit of 18931967?
9
What is the thousands digit of 41614?
1
What is the tens digit of 4096805?
0
What is the tens digit of 752670?
7
What is the ten millions digit of 11122149?
1
What is the ten thousands digit of 175036?
7
What is the hundreds digit of 4072000?
0
What is the hundred thousands digit of 1655508?
6
What is the hundred thousands digit of 330039?
3
What is the thousands digit of 13321362?
1
What is the tens digit of 1728146?
4
What is the hundreds digit of 2539139?
1
What is the hundred thousands digit of 13922131?
9
What is the thousands digit of 5736984?
6
What is the units digit of 266320?
0
What is the tens digit of 870334?
3
What is the tens digit of 25555078?
7
What is the thousands digit of 2382709?
2
What is the millions digit of 9958631?
9
What is the units digit of 118432?
2
What is the hundreds digit of 551827?
8
What is the ten thousands digit of 924054?
2
What is the units digit of 11440?
0
What is the ten thousands digit of 583155?
8
What is the millions digit of 4621667?
4
What is the tens digit of 18459286?
8
What is the thousands digit of 155240